what is -101101 - 0?
-101101
In base 4, what is 13122 - 2?
13120
In base 9, what is 20 - -54?
74
In base 14, what is -9 - 1?
-a
In base 2, what is -10101110110 - -1011?
-10101101011
In base 12, what is 4 + -1b?
-17
In base 14, what is 5 + -1cd2?
-1ccb
In base 12, what is -1 + 2250?
224b
In base 16, what is 453 - -4?
457
In base 16, what is 6 + -452?
-44c
In base 6, what is -3 - -34?
31
In base 15, what is -3 + -8c?
-90
In base 16, what is e0c + 3?
e0f
In base 9, what is 14 - 40?
-25
In base 9, what is -5 + 2180?
2174
In base 5, what is 414 + 0?
414
In base 4, what is 23 + 213?
302
In base 8, what is 142 + -65?
55
In base 3, what is 10210 - 10220?
-10
In base 3, what is 2 - 101211?
-101202
In base 5, what is -33 + 11234?
11201
In base 15, what is 1d - d3?
-b5
In base 10, what is -16 + -143?
-159
In base 4, what is 130203 + 0?
130203
In base 13, what is 4 + -3ab?
-3a7
In base 4, what is 1 + -2112?
-2111
In base 11, what is -42 - -23?
-1a
In base 16, what is -4b + -14?
-5f
In base 10, what is 6 + -51?
-45
In base 10, what is 12 + 2011?
2023
In base 11, what is 3a + -10?
2a
In base 15, what is 5 - aa2?
-a9c
In base 4, what is 0 - -10?
10
In base 3, what is -11 - -22002?
21221
In base 15, what is -85 + 2b?
-59
In base 10, what is -2 + -238?
-240
In base 3, what is -10 + 12001?
11221
In base 6, what is -2511 + 1?
-2510
In base 8, what is 444 - 125?
317
In base 14, what is -4457 + -3?
-445a
In base 4, what is 1 + 2203?
2210
In base 14, what is 16 - -17c?
194
In base 14, what is 4 - 82?
-7c
In base 9, what is 27 + -171?
-143
In base 6, what is 0 - -1441?
1441
In base 11, what is 3 - -4?
7
In base 9, what is -2062 - 2?
-2064
In base 2, what is 1 + -1001010?
-1001001
In base 7, what is -2021 - 0?
-2021
In base 8, what is 664 + -2?
662
In base 15, what is 1b + 31?
4c
In base 3, what is -11101 + 222?
-10102
In base 6, what is -1 - 3301?
-3302
In base 12, what is -1033 + 3?
-1030
In base 12, what is 7 - b5?
-aa
In base 4, what is -11 + 3102?
3031
In base 2, what is -10010101 - -1?
-10010100
In base 15, what is -1ba7 + 4?
-1ba3
In base 7, what is 6512 - 3?
6506
In base 15, what is 11e6 + 4?
11ea
In base 15, what is 5 + 282?
287
In base 8, what is -24444 + 1?
-24443
In base 7, what is -1010 + -1?
-1011
In base 4, what is -11 - 1113?
-1130
In base 3, what is -102 + -1120?
-1222
In base 10, what is 5 - -1039?
1044
In base 9, what is 3652 - -4?
3656
In base 14, what is 296 - 0?
296
In base 12, what is b0 - 1?
ab
In base 10, what is -4 - 46?
-50
In base 9, what is -13020 + -5?
-13025
In base 11, what is -332 + -17?
-349
In base 16, what is -b - 1?
-c
In base 6, what is -5522 + 1?
-5521
In base 16, what is b10 + -4?
b0c
In base 16, what is 45 - 1?
44
In base 16, what is 55 - -d?
62
In base 14, what is 127 + -3c?
c9
In base 12, what is 103 - 42?
81
In base 3, what is -1 + -201012?
-201020
In base 13, what is 18a + 0?
18a
In base 16, what is -20ff + 5?
-20fa
In base 2, what is 1000101101 + -11?
1000101010
In base 8, what is -3 + 1033?
1030
In base 6, what is -1 - -10522?
10521
In base 13, what is 147 + 2?
149
In base 14, what is 0 - -11?
11
In base 10, what is -1611 - -2?
-1609
In base 15, what is 6 - 325?
-31e
In base 9, what is 5 - -80?
85
In base 13, what is 14 + -16?
-2
In base 15, what is 27 - -1?
28
In base 15, what is 367 + -2?
365
In base 16, what is 14e - 3?
14b
In base 7, what is -1 - -61?
60
In base 16, what is -160 - 4?
-164
In base 16, what is ac8 - 4?
ac4
In base 5, what is -3 + 433?
430
In base 3, what is 1 - 1011?
-1010
In base 11, what is -a90 - -12?
-a79
In base 11, what is 7 + -312?
-306
In base 11, what is -8 + -989?
-996
In base 11, what is 11 - 60?
-4a
In base 10, what is -10 + 3?
-7
In base 15, what is 8 - 27?
-1e
In base 3, what is 1001 - -1011?
2012
In base 10, what is 0 + -318?
-318
In base 3, what is 12 + -1210011?
-1202222
In base 16, what is 60 - 4a?
16
In base 14, what is 16 + -1?
15
In base 10, what is 338 + 3?
341
In base 2, what is 10110 - 10?
10100
In base 4, what is -10 - -1102321?
1102311
In base 9, what is 0 + -1740?
-1740
In base 11, what is 4 + -541?
-538
In base 11, what is -2 + -13?
-15
In base 11, what is 1747 - 2?
1745
In base 10, what is 0 + -53?
-53
In base 10, what is 4 - -595?
599
In base 10, what is -5 + 945?
940
In base 5, what is -2343 + -12?
-2410
In base 12, what is 6 - -215?
21b
In base 14, what is -5 + 4c3?
4bc
In base 12, what is 2 - 106?
-104
In base 12, what is 4 - a7?
-a3
In base 13, what is -3494 - -5?
-348c
In base 6, what is -132414 - 0?
-132414
In base 15, what is -360 - -2?
-35d
In base 2, what is -10010100 + 1111011?
-11001
In base 16, what is -2 + f15?
f13
In base 15, what is -11 - -e?
-2
In base 5, what is -4432 + 1?
-4431
In base 4, what is 13 - -132331?
133010
In base 15, what is -2 - 53b?
-53d
In base 9, what is -10 + 71?
61
In base 9, what is 8 - -1?
10
In base 2, what is -101011011 + 11?
-101011000
In base 4, what is -1021111 - 0?
-1021111
In base 7, what is -5130 - -2?
-5125
In base 4, what is -2 - -3211?
3203
In base 11, what is 196 + 12?
1a8
In base 2, what is -11011110 + -100000?
-11111110
In base 2, what is -11001 + -101?
-11110
In base 3, what is 2221 + -2?
2212
In base 3, what is 2001 - -222?
10000
In base 11, what is 98 + -1?
97
In base 13, what is -2719 - 5?
-2721
In base 3, what is -220020212 + 12?
-220020200
In base 14, what is 4 + -2a?
-26
In base 6, what is -1120 + 5?
-1111
In base 11, what is 26 + -1?
25
In base 13, what is 2 - 186?
-184
In base 9, what is -125 + -1?
-126
In base 9, what is 1 + -65?
-64
In base 8, what is -1 - 1477?
-1500
In base 9, what is 4 - 306?
-302
In base 11, what is 2557 - 5?
2552
In base 13, what is 151 - -4?
155
In base 16, what is 4 - b80?
-b7c
In base 16, what is 1 - 1f?
-1e
In base 10, what is 5 + 303?
308
In base 6, what is 11 + -25510?
-25455
In base 2, what is -101111 - -10?
-101101
In base 5, what is 1124 - 11?
1113
In base 11, what is -1aa - -14?
-196
In base 16, what is -2 + 655?
653
In base 7, what is -116 + -14?
-133
In base 12, what is 40b9 - 5?
40b4
In base 8, what is 4 + 102?
106
In base 7, what is 0 + -211?
-211
In base 12, what is 5 - 49?
-44
In base 4, what is -22201 - -13?
-22122
In base 14, what is 3 + -38?
-35
In base 11, what is 2119 + -a?
210a
In base 13, what is 37 + -6?
31
In base 14, what is -12d - -50?
-bd
In base 11, what is -547 - -7?
-540
In base 2, what is -1010 + -10001101?
-10010111
In base 7, what is 262 - -1?
263
In base 10, what is -632 + -5?
-637
In base 9, what is -453 + 2?
-451
In base 5, what is 121233 + -2?
121231
In base 8, what is -5423 + -1?
-5424
In base 11, what is 41 - -84?
115
In base 9, what is -457 - -11?
-446
In base 5, what is 10 + -4404?
-4344
In base 7, what is 14 + 2213?
2230
In base 5, what is 0 - -1441?
1441
In base 15, what is 21e7 + 4?
21eb
In base 6, what is 105453 + 4?
105501
In base 3, what is -10 - 11102?
-11112
In base 16, what is 36 - e3?
-ad
In base 3, what is -1 - -2120?
2112
In base 3, what is -1122 - -2?
-1120
In base 12, what is 261 - -54?
2b5
In base 16, what is -686 + -b?
-691
In base 3, what is -12 + -120?
-202
In base 11, what is 6 - 29?
-23
In base 13, what is -47 - 3?
-4a
In base 6, what is -20 - -220?
200
In base 9, what is -4 + 1001?
886
In base 9, what is 4 - 175?
-171
In base 6, what is -130 - 111?
-241
In base 5, what is 11432 + 3?
11440
In base 14, what is -2c + -21a?
-248
In base 13, what is 1 + -b?
-a
In base 15, what is e - -1?
10
In base 8, what is -3 - 2424?
-2427
In base 11, what is 8417 - 4?
8413
In base 2, what is 10101100100 - 1?
10101100011
In base 2, what is 0 + -1000010?
-1000010
In base 10, what is 311 + -1?
310
In base 11, what is -20 + -7?
-27
In base 14, what is -1a5 + -4?
-1a9
In base 16, what is -303 + 1?
-302
In base 15, what is 3 - -30?
33
In base 9, what is 624 - -4?
628
In base 12, what is -72ba + 2?
-72b8
In base 3, what is -20211012 - 1?
-20211020
In base 4, what is 1102 + 1?
1103
In base 14, what is 4 + aa?
b0
In base 16, what is -d1f8 - 2?
-d1fa
In base 15, what is -5 + 94b?
946
In base 6, what is -32532 + -5?
-32541
In base 8, what is -2 - 4205?
-4207
In base 5, what is -1002 + 1?
-1001
In base 11, what is -14 + 99?
85
In base 13, what is -224 - -1?
-223
In base 15, what is -982 - -5?
-97c
In base 16, what is 1 + -8e?
-8d
In base 8, what is -14